it of w?
1
Suppose k + 5 = 9. What is the tens digit of 5/((-30)/k)*-21?
1
Suppose x = 2*x - 4. Suppose 110 = x*s - 10. Let j = s + -18. What is the units digit of j?
2
Let v = 4 - 1. Suppose -4*w = -v*w - 7. What is the units digit of w?
7
Let n = -29 - -15. What is the units digit of n/(3 - 28/8)?
8
Let v(j) = j**3 + j**2 + j. Let t be v(-1). Let i be 1/t*3/(-1). What is the units digit of -3*2/i - -5?
3
Let w(l) be the third derivative of -l**6/20 + l**5/20 + l**4/8 + l**3/2 - 4*l**2. What is the units digit of w(-2)?
7
Suppose -5*m = 2 - 22. Suppose 2*b - m*b + 27 = 5*h, -3*b + 78 = -5*h. What is the units digit of b?
1
Suppose -3*u = -0*u - i + 13, 5*i = 5*u + 25. Suppose 0 = -j + 6*j. Let k = j - u. What is the units digit of k?
4
Let k(i) = i**2 + 3*i - 2. Let g = -4 + 5. Suppose -3*n + 5 = -g. What is the units digit of k(n)?
8
What is the tens digit of 7*-4*(-3)/6?
1
Let i(j) = j**2 + j - 14. Let h be i(0). What is the tens digit of 35/3 - h/(-21)?
1
Let h be (-70)/(-28) - 1/(-2). Suppose r + 9 = -2*r. What is the units digit of h - 3 - (r + -6)?
9
Let d be 1/3*8*-3. Let x = d + 29. Suppose 3*t + x = 6*t. What is the units digit of t?
7
Suppose -4*q - 13 - 27 = 0. Suppose 0*j + 60 = -4*j. What is the units digit of q/j + 1/3?
1
Let d(i) = i**2 - 11*i + 5. Let p be d(8). Let k = 30 + p. What is the units digit of k?
1
Let d(q) = 5*q**3 - 2 + 0*q**3 - 7*q**2 - 4*q**3 + 2*q. What is the units digit of d(7)?
2
Let t = 95 + 40. What is the units digit of t?
5
Let o(m) = m**2 + 6*m + 2. Let p be o(-6). Let s be 3 + (11 + -3)/(-2). What is the units digit of -2 + (-10 + p)*s?
6
Suppose -f + 3*y = 3, 6*f - 2*f - y = -1. Let c be -3*(-4 + 3 + f). What is the units digit of (c/(-3 + 0))/(-1)?
1
What is the units digit of (1 + 8 - -2)*1?
1
Suppose 32 = -2*k - 2*k. Let j = -2 - k. What is the units digit of j?
6
What is the units digit of 42/(-6)*(14/2)/(-1)?
9
Let q(j) = -3*j**2 + j - 12. Let d(s) = -s**2 + s. Let f(h) = 2*d(h) - q(h). What is the tens digit of f(0)?
1
Let n(g) = -g**2 - 7*g + 4. Let k(h) be the first derivative of h**3/3 + 7*h**2/2 - 5*h + 2. Let z(b) = 5*k(b) + 6*n(b). What is the units digit of z(-5)?
9
Suppose 0 = 2*t - 3*s - 3, 4*t + t - 5*s - 15 = 0. Let g(w) = -w + 13. Let p(b) = 2*b - 25. Let n(y) = t*p(y) + 11*g(y). What is the units digit of n(11)?
4
Let d(m) = 2*m - 17. What is the units digit of d(13)?
9
Suppose 4*r + 5*b = 25, -8 + 3 = 3*r - b. Suppose o + r*o = 3. Suppose o = v - 5. What is the units digit of v?
8
Let n = -8 + 25. What is the units digit of n?
7
Let p(b) = -b**3 + 5*b**2 + 6*b + 2. Let y be p(6). Suppose 0 = -2*t, y*t + 145 = 5*f + 4*t. What is the units digit of f?
9
Suppose -534 = -9*x + 6*x. What is the hundreds digit of x?
1
Suppose 0 = w - 2*w + 17. What is the units digit of w?
7
Suppose -h = -5*x - 16, 4*h - 2*x - 42 = -4*x. Let a = -29 + 29. Suppose 5*r = -4*b + 53, -b + h = r - a. What is the units digit of r?
9
Let c be 246/10 + (-12)/(-30). Suppose 0*r = 5*r + c, -r = 4*j - 99. What is the tens digit of j?
2
Let n = -16 + 24. Let g = n - 0. What is the units digit of (14/8)/(2/g)?
7
Suppose 0 = -3*p + 5*a - 1, -77 + 30 = -4*p - 3*a. Let g(t) = t**2 - 6*t - 7. What is the units digit of g(p)?
9
Let q(y) = 0 - 5*y - 1 + 3 - 4. What is the units digit of q(-3)?
3
Suppose 0 = -4*f + 283 - 15. What is the tens digit of f?
6
Let n(i) = -i**3 + 14*i**2 + 2*i - 5. What is the tens digit of n(14)?
2
Let m(i) = -4*i - 6. Suppose 4*f = -30 + 6. What is the units digit of m(f)?
8
Let l(s) = -s - 6. Let b be l(6). Let p be b/(-42) + 10/14. Let d(v) = 9*v**3 + v**2 + v - 1. What is the tens digit of d(p)?
1
Suppose 0 = -5*q - 3*s + 187, 0 = 4*q - 0*s - 2*s - 132. What is the units digit of q?
5
Suppose r = 3*t + 7, -r + t + 28 = 5*t. What is the units digit of r?
6
Let d = 788 + -522. Suppose -4*a - d = -5*y, 4*y + 5*a - 185 = 36. What is the tens digit of y?
5
Let g = -9 + 33. What is the tens digit of g?
2
Suppose -5*l - 3 + 8 = 0, 0 = -2*h - 4*l + 356. What is the tens digit of h?
7
Suppose 3*h = 3 + 36. Let k = -7 + h. What is the units digit of k?
6
Let i = 538 + -337. What is the tens digit of i?
0
Suppose 0 = -8*g + 4*g + 16. Suppose 5*m - 3*r = 121, 89 = g*m - 0*m - 5*r. What is the units digit of m?
6
Let i(a) = -a**3 + 6*a**2 - 1. Let y be i(5). Suppose -d + 8 = -2*v + 2*d, 0 = 2*v + 5*d - y. What is the units digit of v?
2
Let o = 123 + -72. What is the tens digit of o?
5
Let f = -16 - -16. Suppose f*y + 5*y - 55 = 0. What is the units digit of y?
1
Let b be 46/(-4) + (-3)/6. What is the tens digit of (3 + -3 - b) + -2?
1
Let s(t) = t - 2. Let l(z) = -7*z**2 + 2*z - 1. Let w be l(1). Let m = 0 - w. What is the units digit of s(m)?
4
Suppose 7*h = 10*h - 432. What is the tens digit of h?
4
Let t = 129 + 115. What is the units digit of t?
4
Let w(a) = -16*a**3 + 1. What is the tens digit of w(-1)?
1
Let d = 372 - 226. What is the hundreds digit of d?
1
Suppose -w + y = -2*y - 10, -y + 20 = 3*w. Let n(r) = r**2 - 5*r + 4. What is the tens digit of n(w)?
1
Suppose 0 = 4*x - 6*x - 8, -4*l = -5*x - 8. Let a = l + 6. Suppose -i + a + 6 = 0. What is the units digit of i?
9
Let x = 9 - 7. Suppose r = x*o + 26, 0*o + 92 = 4*r - 2*o. What is the units digit of r?
2
Let r(h) be the first derivative of h**5/20 - 7*h**4/12 - 7*h**3/6 + h + 2. Let m(i) be the first derivative of r(i). What is the units digit of m(8)?
8
Let b(k) = k**3 + 3*k**2 - k. Let d be b(-3). Let t = d + 0. Suppose 2*s - t*l + 8 = 30, 2*s + 2*l = 2. What is the units digit of s?
5
Let m(z) = -z**3 - z - 1. Let q be m(-1). Let v(l) = 5*l**2 + l - 1. What is the units digit of v(q)?
5
What is the tens digit of (45/(-1))/((-5)/(-10)*-2)?
4
What is the units digit of (-1)/((-10)/62) + 1/(-5)?
6
Let j(o) = -2*o - 2. Let p(b) = 0*b + 9 - 5*b + b**2 - 2*b - 5. Let g be p(5). What is the units digit of j(g)?
0
Let j = 12 + -9. Suppose -j*o + 22 = -20. What is the units digit of o?
4
Let n(x) = -x**2 + 10*x. Let z be n(10). Suppose z*j - 4*j = 52. What is the units digit of (j/(-2) + -1)*2?
1
Let w(v) = -v**3 - 6*v**2 - 4*v + 6. Let k be w(-5). What is the units digit of (-9)/((5 - k)/(-4))?
9
What is the tens digit of (-519)/(-12) - 1/4?
4
Let h = -7 - -129. Suppose -4*i = -4*g + g + h, -4*g + 200 = 4*i. What is the units digit of g?
6
Suppose -4*o + 0*o - 392 = 0. What is the units digit of o/(-4) + 9/(-6)?
3
Suppose -5*x + 15 = -0. Suppose -4*v + 11 = 2*o + x*o, 5*o + 61 = 4*v. What is the units digit of v?
9
Suppose -6*p - g = -p - 1974, 1181 = 3*p + 4*g. What is the units digit of p?
5
Let n(r) = r**2 - 4*r + 2. Let i be n(4). Suppose -i*l - l + 54 = 0. What is the units digit of l?
8
Let d(y) = -y + 2. Let z be d(7). Let p(j) = -j**3 - 6*j**2 - 5*j + 6. Let k be p(z). Let v = 8 - k. What is the units digit of v?
2
Suppose 9*v - 2*v = 791. What is the hundreds digit of v?
1
Let r = -5 + 27. What is the units digit of r?
2
Suppose 2*q + 4*m = -48, -5*m - 69 = 2*q + q. What is the units digit of 2/(-1) - q*1?
6
Let u(w) = -8*w. Let l be u(3). Let n be 4/(-10) + l/(-10). Suppose -n*d - 2*i - 19 = 3*i, 0 = 3*d + 5*i + 16. What is the units digit of d?
3
Suppose 0*g + 185 = 5*g. What is the units digit of g?
7
Suppose 0 = -s + 6*s - 25. Suppose -8 = -u - 5*h, s*h - 1 = 3*u - 5. What is the units digit of u?
3
Suppose -4*z - o = -2*z - 350, 0 = z + 4*o - 182. What is the units digit of z?
4
What is the units digit of 2/(-36)*4 + (-1370)/(-9)?
2
Let p(g) = -g**2 - 10*g - 10. Let o = 7 - 15. What is the units digit of p(o)?
6
Let b = 16 + 2. Let z = b + -3. What is the tens digit of z?
1
Suppose 4*q + q = -10. Let r be (4 + -3)*(q + 24). Suppose -2*z = -g - 0*g + r, g - z = 20. What is the units digit of g?
8
What is the tens digit of 450/12*6/5?
4
Suppose -15 = 3*m - 8*m. Suppose 2*u + 4*w = 122, -20 = 3*u + m*w - 191. What is the tens digit of u?
5
Let u be (36/(-30))/((-2)/5). Suppose -8*y = -u*y - 140. What is the units digit of y?
8
Let c be 2 - (0 - (1 - 1)). Suppose -z - 159 = -5*u, u + 3*z = -c*u + 99. Let j = u - 17. What is the tens digit of j?
1
Suppose 53 + 62 = -5*c. Let h = c + 42. What is the tens digit of h?
1
Suppose 0 = -2*d - 0*d + 120. Suppose -d = -4*r - 4*m, 4*r - 20 = 3*r + 4*m. Suppose 3*l - l - r = 0. What is the un